 + 3 = -k - d. Let j(s) be the first derivative of s**3/3 - s**2 + 5*s - 380. Give j(k).
5
Suppose 0 = -0*m + 6*m - 126. Suppose 49*v - 42*v + m = 0. Let a(c) = 2*c**3 + 4*c**2 + c + 2. Calculate a(v).
-19
Let b(q) = q**2 + 4*q + 3. Let x be b(-4). Suppose x*c - 20 = -2*c. Let h(p) = 16*p - 24. Let t(y) = -7*y + 11. Let a(d) = -3*h(d) - 7*t(d). Calculate a(c).
-1
Let k(q) = -4 - 281*q - 7 + 290*q. Let p(r) = -7*r + 10. Let j(h) = 4*k(h) + 5*p(h). Let b = -10 + 5. What is j(b)?
1
Let q(w) = -w**2 + 9*w - 5. Let o(y) = 6*y**2 - 43*y + 26. Let z(n) = 2*o(n) + 11*q(n). Determine z(-13).
-3
Let x(f) be the third derivative of -f**8/1680 + f**7/1260 - f**5/120 - 11*f**4/24 - 6*f**2 - 5*f. Let d(o) be the second derivative of x(o). Calculate d(2).
-25
Let y(r) = -r**2 + 8*r + 8. Suppose 2 = -0*b - b. Let o be (b*6*-1)/(6/4). Suppose -34*s = -33*s - o. What is y(s)?
8
Let t = 50 + -18. Suppose -2*u - t = -3*n, 12*u - 11*u + 6 = -n. Let m(f) = 2*f + 4. What is m(u)?
-16
Let o = -10 + 11. Let b be o + ((-122)/3)/((-10)/(-15)). Let h be b/100 + 38/5. Let z(j) = -j**3 + 7*j**2 + 3*j - 8. What is z(h)?
13
Let d be (132/(-6930))/((-16)/14). Let x(l) be the third derivative of -1/4*l**4 + 0 + 6*l**2 - d*l**5 + 7/6*l**3 + 0*l. Give x(-6).
7
Let j(s) = -29349*s + 2643*s**2 + 29330*s + 32 - 2644*s**2. Give j(-16).
80
Let n(h) = 10*h**2 - 15*h + 56. Let d(z) = 7*z**2 - 15*z + 56. Let q(y) = 3*d(y) - 2*n(y). What is q(10)?
6
Suppose 5*j - 20 + 50 = 0. Suppose -6*y = 5*w - 8*y - 19, y = -2. Let x(i) = -60*i + 0 + 6 - w*i**2 + 56*i + 2*i**2. Give x(j).
-6
Let n(t) = 14*t - 1. Suppose 73 + 117 = 5*v. Let u = 31 - v. Let j = -6 - u. Give n(j).
13
Let n be 2*(-3 + 7)*-1. Let k be 0 + n/12 + (-160)/(-15). Let c(h) = h + 3. What is c(k)?
13
Suppose 253 = 4*w + 3*j, 62 = 2*w - 2*j - 54. Let q(u) = 62*u**3 - 7*u**2 + u + 1 + 0*u - w*u**3 + 6. Give q(7).
14
Let t(i) = i**2 - 11*i - 46. Let y be (-19)/(-1) + (-5 - 9 - -10). Determine t(y).
14
Let r(k) = -15*k**2 + 1078*k + 146. Let l be r(72). Let c(v) = v**3 - 4*v**2 - 8*v + 18. What is c(l)?
-6
Suppose m = 3*p - 7, -3*m - 9 = -2*p - p. Let h = 13 + -11. Let y(c) = -3*c**2 + 2*c**h + 7*c**2 + 1 + 7*c**2. Calculate y(m).
14
Suppose -30*u - 50 = 130. Let f(g) = g**3 - g**2 - 2*g + 1. Let h(o) = 22*o**3 - 6*o**2 - 13*o + 5. Let c(i) = u*f(i) + h(i). Calculate c(-1).
-16
Let y(p) be the second derivative of p**4/12 - 7*p**3/3 + 9*p**2 + 5030*p. What is y(12)?
-6
Let q = -11 - -17. Suppose -s + q = 3*a, s + 3*s = 0. Let z(o) be the second derivative of o**3/6 + 61*o + 32. Determine z(a).
2
Let u(o) be the third derivative of o**4/12 - 27*o**2. Suppose 4*d - 3 = 3*c, 0 = 5*c - d - 3*d - 3. Suppose 0 = 3*t - 0*t + 12, w + c*t = -13. Determine u(w).
-2
Let p(n) = -1. Let y(k) = -k - 5. Let t(m) = 4*p(m) - 9*y(m). Give t(-6).
-13
Let k be -5 - (721/(-126) + 116/36 + -3). Let v(z) be the first derivative of 3 - 1/4*z**4 - 4*z - k*z**2 - 2/3*z**3. Give v(-3).
8
Suppose -5*t + 3 + 6 = -4*r, -5*r - t = 4. Let b(h) = -12197 + 12198 - 6*h - 20*h. Determine b(r).
27
Let n be (-8)/((-255)/221 + (-2)/(-13)). Let f(g) = 2*g - 1. Determine f(n).
15
Let t(n) = -134408*n - 1 + 67209*n + 67206*n. Calculate t(3).
20
Suppose 0 = -111*a - 46*a + 5181. Let q(o) = o**3 - 32*o**2 - 31*o - 61. What is q(a)?
5
Let g(n) be the second derivative of -n**4/6 + 13*n**3/6 - 21*n**2/2 - 1673*n. What is g(11)?
-120
Suppose -18*h - 216 = 30*h + 6*h. Let x(u) = -u - 10. Determine x(h).
-6
Let j(u) be the first derivative of u**4/4 + u**3/3 - u**2/2 - 2*u + 6. Suppose -2*c - b + 176 - 167 = 0, -b + 9 = -4*c. Determine j(c).
-2
Suppose -75*t - 594 = 76*t + 4540. Let w(i) = -2*i - 71. Give w(t).
-3
Let v(r) = 5167 - 3*r - 2577 - 2575. What is v(3)?
6
Let i(w) = w**3 - 14*w**2 + 13*w - 11. Let c(l) be the second derivative of -l**4/12 + 17*l**3/6 - 3*l**2/2 + 49*l. Let m be c(16). Determine i(m).
-11
Let m(g) = g**2 - 6*g - 195. Let j be m(18). Let t(c) = -14*c - 10 + 36*c - j*c. Calculate t(9).
-1
Suppose -15*g - 3*t + 1 = -16*g, -t = 5*g + 53. Let f(k) = -7*k**2 - 69*k + 13. Determine f(g).
3
Let p(c) = -c**3 - 8*c**2 - 3*c - 19. Let t be p(-8). Let r be 83*2 - t*12/(-30). Let h(g) = -2*g**2 + 6*g**2 + g**3 - r - 8*g + 161. Calculate h(-5).
8
Let y(h) = 2*h**2 - 2*h + 2. Let c = -130 - -131. Let q be 3/(-1 + -1 + c). What is y(q)?
26
Let n(o) = 1 + 0 + 106*o - 96*o - 3. Give n(5).
48
Let r(i) = 2*i + 27. Let f(a) be the first derivative of -a**2/2 - 13*a - 42. Let k(t) = -7*f(t) - 4*r(t). Calculate k(0).
-17
Let z(v) = 14*v**2 - 11*v - 13*v**2 - v**3 + 10*v**2. Give z(9).
63
Let n = 12 + -9. Let s be n/18 + 19/(-6) - -15. Let m(k) = -16*k**2 - k**3 + s + 5*k + 6*k + 8*k**2. Give m(-9).
-6
Let x(c) = -17 - 59*c**2 + c**2 - 19*c + 0*c**2 - c**3 + 41*c**2. Determine x(-16).
31
Let j(p) = 1 + 17*p**2 - 12*p**2 - 6*p - 3*p**2 + 1 - 3*p**2. Suppose 23 = -4*s + 3. Let q = s + -1. Give j(q).
2
Let a(l) = -2*l**2 + 4*l - 1. Let u(c) = c**3 - 29*c**2 + 26*c - 36. Let b(x) = 6*a(x) - u(x). What is b(17)?
-4
Let k(a) = -2*a**3 + 2*a**2 + 2*a. Suppose 13 = s - 24. Let q = s - 28. Let b be (6/q)/(((-1)/(-3))/1). Determine k(b).
-4
Suppose -4*u + 34 = 3*v, 61*u + 6 = 63*u - 4*v. Let d(h) = h**3 + 7*h - 27*h**2 + 10*h**2 + u + 22*h**2. What is d(-5)?
-28
Let c(s) = -s + 4. Let m(i) = -49*i - 1911. Let u be m(-39). Give c(u).
4
Let z(w) = -w**3 - 2*w**2 + 42*w + 5. Let r be z(0). Let h(k) be the second derivative of -2*k**2 - 1/12*k**4 + 0 + k**3 - r*k. Determine h(5).
1
Let g(z) = -16*z + 25*z - 67117 + 67120. Give g(11).
102
Let f(k) be the third derivative of k**5/15 - k**4/24 + k**3/6 + 43280*k**2. Let s = 4 + -2. Calculate f(s).
15
Let j = -49 + 47. Let q(x) be the second derivative of -x**5/20 - 5*x**4/12 - x**3/3 + 3*x**2/2 - 329*x + 5. Determine q(j).
-5
Let x(u) = -u**2 + 2*u + 2. Let j = 191 + -135. Suppose -j*v + 60*v = 20. Calculate x(v).
-13
Let g(n) = n**3 - 4*n**2 - n - 2. Let a be 6/(-27) + 590/(-18). Let s = a - -38. Let h = -1 + s. Determine g(h).
-6
Suppose 2*d + d = 9, 3*d + 19 = 2*z. Let m(k) = -1305 + 2589 - 1299 - 13*k + k**2. Give m(z).
-1
Let s(k) = k**3 + 13*k**2 + 40*k + 1. Suppose -3*p = -3*b + 15, 3*p - 2195 = -2*b - 2225. Calculate s(p).
1
Let w(x) = 7193 - 3596 - 3588 + 20*x. Determine w(-1).
-11
Let i(r) = 338*r**3 + 3*r**2 - 107*r**3 - 237*r**3 + r. Calculate i(1).
-2
Suppose -43*o = -0 - 43. Let m(b) be the third derivative of b**5/15 - b**4/24 + b**3/6 - 3*b**2. Let a be m(o). Let r(w) = -3*w + 6. Determine r(a).
-6
Let c be 1/(2/12*1). Let d(w) = 2*w**2 + 34*w + 6 - 100*w + 60*w. Calculate d(c).
42
Let b be (-6)/8*178 - 9/(-6). Let w = b + 88. Let t = w - -50. Let l(q) = -q**3 + 6*q**2 - q + 6. What is l(t)?
0
Suppose 17*x + 630 = 256. Let t(l) = -l**2 - 20*l + 22. Calculate t(x).
-22
Let m be (2/6)/((-2)/(-12)). Let k be (-16)/(-6)*(-9)/(-12) - 0. Suppose c + 4*c = m*d - 37, 5*d - 40 = k*c. Let b(l) = -l**2 + 4*l + 4. Give b(d).
-8
Let t(f) = -4*f**2 - 41*f - 9. Suppose -74*m - 96*m = -142*m + 280. What is t(m)?
1
Let k(y) = -3*y - 8. Let b be k(-6). Let o(h) = -9*h**3 - h**2 + 6*h + 6. Let g be o(-1). Let i(l) = g - b - l + 4 + 0*l. Give i(0).
2
Let d(m) = -m**2 - 4*m + 38. Let y be d(-8). Let j(g) = -g - 2 + 1 + 13 - y. Give j(8).
-2
Let c be (-3 - -2) + 3 - 2. Suppose 0 = -d - c - 2. Let p(l) = -18*l + 16*l + 2 - 4 - 4*l**2 + 4*l**2 - 2*l**2. What is p(d)?
-6
Let s(w) = w + 86. Let h(q) = 14*q + 942. Let p(n) = h(n) - 11*s(n). Let u(c) = -c**3 + 7*c**2 - 6*c + 3. Let f be u(6). Calculate p(f).
5
Let c(u) = -7*u**3 + 2*u**2 + 4*u + 2. Suppose -29*i - 19775 = -19717. What is c(i)?
58
Let o(n) be the first derivative of 5*n**3/3 + 32*n**2 - 31*n - 759. Determine o(-13).
-18
Let h(p) = -2*p**2 - 10*p - 18. Let i be h(-10). Let g = i + 123. Let f(j) = j**3 - 6*j**2 + 3*j + 3. Give f(g).
-7
Let z(m) = -23 + 56 - 11 - 9*m + 25*m**2 - 12. Determine z(1).
26
Suppose -5*h = 2*b - 332, 5*h - 531 = 3*b - 179. Let g = h - 50. Let z(n) = -4 + 11*n + 6*n - g*n. Calculate z(0).
-4
Let s = -780 + 784. Let y(p) = 2*p**3 - 9*p**2 + p + 2. Calculate y(s).
-10
Let c(u) be the third derivative of u**5/60 + u**4/8 - u**3/2 + 5997*u**2. Suppose -8 = -4*y - 2*w, 8 + 0 = -4*w. Determine c(y).
15
Let n(w) = -2*w**3 - 5*w**2 + 28*w + 25. Let y be n(-5). Let u(a) = 